on divisor of a and b?
13
Let z be (-552)/(-144) + (75/18)/(-5) - -14445. Calculate the highest common divisor of 6 and z.
6
Suppose u - 3*r - 6 = 0, 3*u - 13 = -0*u + 4*r. Let i be -25 - -1255 - 1/((-1)/2). Suppose u*f = -4*f + i. Calculate the greatest common factor of 16 and f.
16
Let m be 9 + (3 - 7) + 481. Suppose -5*c = 5*b - 120, -123 = 11*b - 15*b + 5*c. Calculate the highest common factor of b and m.
27
Let v(n) = 301*n**2 + 454*n + 1367. Let k be v(-3). What is the highest common divisor of 118 and k?
118
Let o be (9*7/(-28))/((-9)/24). Calculate the highest common divisor of 4026 and o.
6
Suppose 0 = 3*u - 18, 676*u = 2*c + 678*u - 2246. Calculate the greatest common divisor of 1 and c.
1
Suppose 1931 + 1671 - 203 = 33*k. What is the greatest common factor of 1545 and k?
103
Suppose -3*i = 3*r - 35877, -1499 = i + 3*r - 13468. Calculate the highest common divisor of 86 and i.
86
Let d = -680 - -686. Suppose d*f = 3*c + 11*f - 95, -2*c + 38 = -3*f. Calculate the greatest common divisor of 400 and c.
25
Let i(f) = -f**3 - 17*f**2 + 36*f - 36. Let k be i(-19). Suppose -4*w + k*v - 194 = -6*w, 3*w - 4*v - 326 = 0. What is the highest common factor of 170 and w?
34
Suppose 0 = 14981*x - 14994*x + 2691. Calculate the highest common divisor of x and 575.
23
Suppose -3*k + 72 = 3*c, -98*k = -4*c - 99*k + 90. Let i(q) = 27*q**2 - q. Let b be i(-2). What is the greatest common factor of b and c?
22
Let z be (3/(-6))/(12/(-720)). Suppose 60 = 5*j - z. Calculate the greatest common divisor of j and 144.
18
Suppose a = 3*a + 44. Let v = 0 - a. Suppose 4*n - 594 = -5*n. What is the greatest common divisor of n and v?
22
Let j be (3/2 - 1)*((-38)/19 - -530). Calculate the greatest common factor of 440 and j.
88
Suppose 486*s = 253*s + 249*s - 576. Let l(q) = -4 - 4*q**2 - 4*q**2 + 3*q**2 - q**3 - 6*q. Let b be l(-4). Calculate the greatest common factor of b and s.
4
Let r(n) = 54*n**2 - n + 12. Let i be r(8). What is the greatest common factor of i and 20?
20
Let f(p) = 4*p + 6. Let d be f(5). Let s be (24/15*1)/(d/4095). What is the highest common divisor of s and 56?
28
Let q(k) = k + 24. Let z be -2 + -1 - 0 - 15. Let x be q(z). Let y = 2 + x. What is the highest common divisor of 8 and y?
8
Let v = 7 + -9. Let p = 297 + -298. Let q be (0 + -36)/((v + 3)*p). What is the greatest common factor of q and 4?
4
Let g(n) = 13*n**2 + 55*n + 64. Let q be g(-2). What is the greatest common factor of 5784 and q?
6
Let r(k) = -131*k + 166. Let t be r(1). What is the highest common divisor of 140 and t?
35
Suppose 1365 = 1816*v - 1809*v. What is the greatest common factor of v and 1040?
65
Suppose 0 = -6*c + 4*c - 3*j - 150, 5*j - 350 = 5*c. Let p be (-2)/(274/2790 - (-8)/c). What is the highest common divisor of 62 and p?
31
Let h(q) = q**3 - 9*q**2 + 66*q - 332. Let i be h(10). What is the highest common divisor of 28 and i?
4
Suppose -2*j = 5*t - 3*j - 116, t - 4*j = 8. Let k be (-325)/(-12) + ((-121)/396 - (-8)/36). Calculate the highest common factor of t and k.
3
Let w = 9 - -9. Suppose 0 = w*r - 276 - 354. What is the greatest common divisor of r and 21?
7
Let b be (-118)/(-4) + ((-55)/(-22))/(-5). Let l(f) = -f**2 + 34*f + 40. Let t be l(b). Calculate the highest common factor of t and 10.
5
Let a be 2 - (-120)/(-58) - 7232775/(-435). Calculate the highest common factor of a and 39.
13
Let a(l) = -l**3 - 70*l**2 - 136*l + 106. Let k be a(-68). Calculate the greatest common factor of 4346 and k.
106
Let a be 4/(((-16)/20)/(-1)). Let z(w) = -2*w**3 + 10*w**2 + 4. Let v be z(a). Let j = 11 + 17. What is the greatest common factor of v and j?
4
Let n(d) = d**2 - 105*d + 1648. Let o be n(18). What is the highest common divisor of 2 and o?
2
Suppose 0 = g - 4*g - 66. Let q = g + 12. Let c be q/(-15)*(-3)/((-2)/2). Calculate the greatest common divisor of c and 3.
1
Let f(v) = -6*v - 220. Let i be f(-38). Let q be 9/2*(-20)/30. Let x = 9 + q. What is the greatest common factor of i and x?
2
Let i be (98 - -1) + -2429 + 2374. Suppose 2*a - k = -a + 128, 0 = -3*k + 12. Calculate the highest common divisor of i and a.
44
Suppose -4*k - 4*x + 6 = 2, 0 = -5*x - 25. Suppose 62 = k*q - 70. Calculate the greatest common divisor of 55 and q.
11
Let s be ((-2)/(-4) + 1)*(-1335180)/(-630). Calculate the highest common factor of 1683 and s.
187
Suppose 2*d + b = -2*b, -4*d + 2*b + 32 = 0. Let s = -704 - -80. Let a = s + 720. Calculate the greatest common divisor of d and a.
6
Let w be (-15)/45*27*-1. Let t be ((-138)/12)/(w/6 - 2). Suppose -4*m = -3*b - 14, 9*m = 6*m - 4*b + t. What is the highest common factor of m and 20?
5
Suppose -77 = a - 2*z - 727, -3*a + 2006 = 2*z. Calculate the highest common divisor of 32 and a.
8
Let c be (-3618)/(-4) - ((-15)/10 - 1)/(-5). Calculate the greatest common divisor of c and 48.
8
Suppose -4*h - 250 = 72*t - 74*t, 5*t - 5*h - 610 = 0. Calculate the highest common factor of t and 1105.
17
Let n be 16*8*21/14. What is the highest common divisor of n and 216?
24
Suppose 4*t - 52 - 12 = 0. Let q = -202 + 10. Let w be 3/(1 - (-188)/q). Calculate the greatest common divisor of t and w.
16
Suppose -23*y + 32376 = 4*a - 18*y, -a + 8094 = -2*y. What is the greatest common factor of 114 and a?
114
Let p = -332 + 970. What is the highest common factor of p and 154?
22
Let u be (-5 - -2)/(-4*3/16). Suppose 5*b + 2*r + 22 = 0, 3*b + 6 = 2*r - 4. Let f = b - -8. Calculate the greatest common factor of f and u.
4
Suppose 697*t = 683*t + 140. Calculate the greatest common divisor of t and 1570.
10
Let n be ((-6)/9)/((-1)/42). Let v = 113 - -251. What is the greatest common divisor of n and v?
28
Let i be ((-289765)/(-17) + 10)*1. What is the greatest common divisor of i and 180?
45
Suppose -23*o + 18*o = 760. Let k = o - -256. What is the highest common divisor of k and 13?
13
Let h be -3*(-6)/9*5. Let m = -316 - -352. Let l be (-3)/m + 3367/84. Calculate the greatest common divisor of h and l.
10
Suppose 0 = 36*y + 6*y - 1008. What is the highest common divisor of y and 564?
12
Suppose 0*m = -4*u - 5*m + 6, 3*u = 5*m + 22. Let a be ((-5)/u)/(9/(-1008)). Calculate the greatest common factor of a and 80.
20
Let f be (1842/24)/(4/16). Suppose f = 8*r - 3397. Suppose 2*z - 66 + 641 = 5*k, -z - r = -4*k. What is the highest common factor of k and 9?
9
Suppose 4*d + 5*a = 66286, -4*d = -a + 4324 - 70646. Calculate the greatest common divisor of 281 and d.
281
Let c be (-10 + 166 + -7 + 10)*4/6. Calculate the highest common divisor of c and 6890.
106
Let d = -10420 + 10706. Calculate the greatest common divisor of 1638 and d.
26
Let y = -3369 + 4009. Calculate the greatest common factor of 10 and y.
10
Let s(h) = 8*h**2 + 286*h + 2146. Let r be s(-8). Calculate the greatest common divisor of r and 1258.
74
Let t be (-10)/(-25) - (-648)/5. Suppose 9*f = 54*f - 9 - 441. Calculate the highest common divisor of f and t.
10
Let x be 26/8 + 3 + 76/(-304). What is the greatest common factor of x and 6234?
6
Let q = 5638 + -5627. Calculate the greatest common factor of 3905 and q.
11
Let j(h) be the first derivative of -11*h**2/2 - 68*h + 19. Let p be j(-11). Calculate the highest common divisor of 106 and p.
53
Let r = -225 + 139. Let v = -74 - r. What is the greatest common factor of v and 4?
4
Let p be 603/21 - (-6)/21. Let f = -332 - -335. Suppose 49 + 551 = 3*d + 3*h, 0 = -4*d + f*h + 821. Calculate the highest common divisor of d and p.
29
Suppose -2*x = 3*v - v + 476, 214 = -x + 5*v. Let c = -213 - x. Calculate the highest common factor of 21 and c.
21
Suppose 3*z - 2236 + 289 = -4*s, 3*z - 2*s - 1947 = 0. Calculate the greatest common divisor of 531 and z.
59
Suppose -5*f + 1 + 4 = 0. Suppose 2*q - q = 0. Suppose -5*l + 12 + 3 = q. What is the greatest common factor of f and l?
1
Let f be (-1)/((-24)/18 + 1). Suppose 4*b - 85 - 648 = -5*q, 2*b - f*q = 383. What is the highest common factor of 11 and b?
11
Suppose 48*b - 936 = 1176. What is the highest common divisor of b and 374?
22
Let d = -18769 - -18893. What is the greatest common divisor of d and 775?
31
Let q = 11146 + -2710. What is the highest common divisor of q and 12?
12
Let n(j) = 9*j**2 - 455*j - 92. Let c be n(51). What is the greatest common factor of 2142 and c?
14
Suppose -9*m